ppose -12*n + 410 = -v. What is the highest common divisor of 6 and n?
6
Suppose 7*q - 216 = 645. Let c = 147 - q. Calculate the highest common factor of 456 and c.
24
Let t = 48 - 42. Let b be 560*(6 - t - -2). What is the greatest common divisor of b and 20?
20
Let h = -234 - -241. Let x be (-3 - 0)*(-25)/(-5). Let i = x + 22. Calculate the highest common divisor of h and i.
7
Let f be (2/2)/(9 - 200/22). Let b = f + 25. Calculate the greatest common divisor of b and 154.
14
Let y = 4049 - 3092. What is the highest common divisor of 33 and y?
33
Let y = -12 + 18. Let p = -190 + 331. Let a = -87 + p. What is the highest common factor of a and y?
6
Suppose -5*k - 8*k + 65 = 0. Suppose 6*c - 8*c = -3*l + k, 16 = 5*c + 2*l. What is the highest common factor of 5 and c?
1
Let u(i) = 50*i - 29. Let d be u(1). Suppose -5*l = 4*r - d - 119, -2*l = 8. Calculate the greatest common factor of 180 and r.
20
Let l(r) = 451*r**2 - 47*r + 46. Let n be l(1). What is the greatest common factor of 400 and n?
50
Let x = 33 - -5. Suppose 0 = m + 5*g - x, 3*g - 62 = -3*m + m. What is the highest common factor of m and 40?
4
Let j be ((-8)/6 + 0)*-87. Suppose 28 = 2*d, 13*f + 189*d + 40 = 16*f + 191*d. What is the highest common divisor of j and f?
4
Let s be 155088/162*(-4)/((-16)/6). Let w = s - 1422. Let p(n) = n**3 + 5*n**2 - 6*n - 2. Let z be p(-5). Calculate the highest common factor of z and w.
14
Let q = 8 + -9. Let h be -1 - q - 1/((-3)/9). Suppose -h*w + 41 = 2*a, 4*w + 20 = 3*a + 103. Calculate the highest common divisor of w and 51.
17
Suppose 0*s + o + 3 = 4*s, s + 1 = 2*o. Let v(k) = -117*k + 56*k + 64*k + 12*k**2 + 21*k**2. Let y be v(s). Calculate the highest common divisor of 12 and y.
12
Let d = -124 - -226. Suppose d + 88 = 5*u. Suppose 8*y - u - 2 = 0. What is the highest common factor of 50 and y?
5
Let s(y) = 11*y**2 + 704*y + 26. Let d be s(-64). Let f = -2 + 2. Let a be 1/1*(26 + f). What is the highest common factor of a and d?
26
Let q = 5523 + -4018. Calculate the greatest common divisor of 1118 and q.
43
Let o(d) = d**2 + d - 1. Let v be (-2)/(-1) - 0*(-1)/1. Let t be o(v). Suppose 0 = -3*q + 15, 2*s + 2*q - 9 = t. What is the highest common factor of 2 and s?
2
Let q(h) = 14*h**3 + h**2. Suppose 11 = -u - 3*z, 0*u + 2*u - 4*z - 18 = 0. Let v be q(u). What is the greatest common divisor of v and 240?
15
Let p be 3 + (5/(-50) - (-63)/30). Suppose -3*a = p*l - 142, -13 = -a - 14. What is the highest common factor of l and 2059?
29
Let z = -9044 - -9923. What is the highest common factor of z and 9?
3
Let p(k) = k**2 + 2*k - 9. Let m = -30 - -41. Let s = m + -16. Let x be p(s). What is the greatest common divisor of 12 and x?
6
Suppose -s + 2*s + 5 = d, 0 = 5*d + 5*s - 5. Suppose d*h - j = 2508, 3962 + 201 = 5*h + 4*j. Calculate the greatest common factor of 5 and h.
5
Let i be (545/(-2))/(((-1)/(-50))/(231/(-55))). Calculate the greatest common divisor of i and 75.
75
Suppose -3 = 3*u, 4*c + u - 2*u = 557. Suppose 3*x - x = -t - 95, 463 = -5*t - 4*x. Let f = c + t. What is the greatest common factor of f and 6?
6
Let d(x) = -16*x + 101. Let w be d(8). Let m be (18/w)/(6/(-207)). Calculate the highest common factor of 1 and m.
1
Let t be ((-48)/(-30))/(138/(-345)*2/(-344)). Calculate the highest common factor of t and 7138.
86
Suppose 9*y - 1278 + 639 = 0. What is the greatest common factor of y and 4331?
71
Suppose 4*u - 12*u = 1832. Let j = u + 259. What is the highest common factor of 75 and j?
15
Suppose 32 = -4*u + 5*z + 86, 0 = 2*u + z - 20. Let y be (-12)/u*(-99)/18. Suppose -3*h + 4*h - 3 = 0. Calculate the highest common factor of h and y.
3
Let u(c) = -c**3 + 24*c**2 + 8*c - 164. Let t be u(24). What is the highest common factor of 4 and t?
4
Let v(t) = 16*t**3. Let d be v(1). Let w = -11 + d. Suppose -60 = -c + 2*z, 3*c + w*z - 101 = 24. What is the highest common divisor of 10 and c?
10
Suppose -4*x = 13*b - 1448, -3*b + 344 = -4*x - 0*x. What is the highest common divisor of 49 and b?
7
Let b = -46 - -65. Suppose -17*j + b*j - 10 = 0. Suppose -6*g + 2*g + j*c = -4, 2*g + 5*c = 2. Calculate the highest common factor of 2 and g.
1
Let x(o) = 408*o**2 - 98*o + 2. Let z be x(-3). Calculate the highest common divisor of z and 372.
124
Suppose -3458 = -6*u - u. Suppose -111 = -5*s - 127*j + 131*j, 0 = 2*s + 3*j - 26. What is the highest common divisor of s and u?
19
Suppose 5*c - 8 - 5 = -x, 7 = -x + 5*c. Let j = -3379 - -2308. Let y = -1059 - j. What is the highest common divisor of x and y?
3
Let a be ((-6)/(-9))/((-2)/(-9)). Suppose 444 = 5*f + y, f - 8*y - 68 = -a*y. Let j = -6 - -17. Calculate the highest common factor of f and j.
11
Let w(n) = 1014 + 0*n**3 + 0*n**2 - n**2 - 3*n - 1001 + n**3. Let q be w(8). Calculate the greatest common factor of 19 and q.
19
Let b(x) = -7*x + 66. Let z be b(-18). Let t = 199 - z. What is the highest common factor of 70 and t?
7
Let i be (-20)/90 + (-50)/18. Let n be -22*(-7 - -4)*(-2 - i). Calculate the greatest common divisor of 44 and n.
22
Suppose 0 = m + 3, 7*m = p + 2*m - 106. Let v = p + -81. Let k(u) = 180*u**2. Let q be k(1). Calculate the highest common divisor of q and v.
10
Suppose j = -z + 193, 3*z + 401 = -0*j + 2*j. Let y be ((-540)/42)/(-5)*j. Calculate the highest common factor of y and 21.
21
Let l = 196 + -191. Let g be (l + -2)/((-3)/(-14)). Calculate the greatest common divisor of g and 217.
7
Suppose 2*r + 20 = i + r, -4*i + 2*r = -76. Suppose -z - 5*z = 24. Let a be -5 + 4*(-41)/z. Calculate the greatest common factor of i and a.
18
Let q = -838 + 914. Let a be 1*-1*1 + 129. Let o = a - q. Calculate the greatest common factor of o and 26.
26
Let d be 3556/10 - (-2)/5. Let p = 23969 - 23702. Calculate the highest common factor of p and d.
89
Suppose 2*i = 7*i + 15. Let s be -24*(11/i - 0). Suppose n + 4*d - 34 = 0, -2*n = -238*d + 234*d - 32. What is the greatest common divisor of s and n?
22
Let n(h) = 2*h**2 + 4*h - 1. Let x be n(-4). Let w(g) = -225*g - 6105. Let l be w(-30). Calculate the highest common divisor of x and l.
15
Let d be 2*10/(-4) - (-14 - 1). Suppose -u + 2*b = -8, d*b = u + 5*b - 14. Calculate the highest common factor of 84 and u.
4
Let d = -35416 + 36460. Calculate the greatest common divisor of 2523 and d.
87
Suppose 3*j + j + 4*h - 176 = 0, 5*j - 228 = 3*h. Let n be (-84)/49*17850/(-340). What is the greatest common divisor of j and n?
45
Let j = -408 - -333. Let a = -70 - j. Calculate the highest common divisor of a and 25.
5
Let p(l) = -3*l**2 - 27*l + 1050. Let h be p(-21). Suppose 0 = -2*j + j + 14. What is the greatest common divisor of h and j?
14
Suppose -d + 200 = -4*o, o = -4*o - d - 259. Let v = o + 57. Let a be (-3)/(3/v + (-12)/6). What is the greatest common divisor of a and 22?
2
Let l(w) = 306*w + 16231. Let d be l(-53). Let r(u) = u - 2. Let j be r(-5). Let k(f) = -14*f + 6. Let y be k(j). What is the highest common divisor of y and d?
13
Suppose -6*j + 18*j + 204 = 0. Let f be 110/(-20)*(j + 1). Calculate the greatest common factor of 33 and f.
11
Let z = -51 + 63. Suppose 0 = -l + 2*l + 63. Let p be l/(-28)*(-40)/(-3). Calculate the highest common divisor of p and z.
6
Let h(z) = -z**3 - 8*z**2 - 16*z - 13. Let n = -78 - -72. Let l be h(n). Calculate the highest common divisor of l and 33.
11
Suppose -18*t + 3706 = 1276. What is the greatest common divisor of t and 423?
9
Suppose 4*n + 924 = -3*f, 6*f - 3*f = -2*n - 924. Let v = f - 26. Let t = -169 - v. What is the highest common divisor of 15 and t?
15
Let m(b) = -22*b - 40. Let q be (-1 - 2 - -2)*42/14. Let a be m(q). Calculate the highest common factor of 286 and a.
26
Let k be (1/5)/(113/3390). What is the highest common factor of 303 and k?
3
Let k = 429 - -13. Calculate the highest common factor of 102 and k.
34
Let p(x) = 5*x**3 - 11*x**2 + 5*x - 1. Let h be p(8). Suppose -11*a = h + 525. Let c be (1 - 1/5)/((-11)/a). What is the greatest common divisor of 48 and c?
16
Suppose 0 = -b - 4, -2*p - p - 4*b = -9455. Calculate the greatest common factor of 308 and p.
77
Let j be 3 + 0 + 0*2/6. Suppose 5*o + 899 + 741 = j*k, 2*o - 1120 = -2*k. Let v be 1/2 + k/10. What is the highest common factor of 224 and v?
56
Suppose -2*r - 2*r = 2*q + 36, -5*q - 4*r = 108. Let k = 2